{"id":430,"date":"2022-05-31T18:59:10","date_gmt":"2022-05-31T16:59:10","guid":{"rendered":"https:\/\/izem.org\/?page_id=430"},"modified":"2022-11-01T15:38:35","modified_gmt":"2022-11-01T14:38:35","slug":"ziele","status":"publish","type":"page","link":"https:\/\/izem.org\/index.php\/ziele\/","title":{"rendered":"Ziele und Engagement des IZEM"},"content":{"rendered":"<p>[et_pb_section fb_built=&#8220;1&#8243; use_custom_gutter=&#8220;on&#8220; gutter_width=&#8220;2&#8243; specialty=&#8220;on&#8220; padding_top_2=&#8220;20px&#8220; padding_right_2=&#8220;5%&#8220; padding_2_tablet=&#8220;0px|10%||10%||true&#8220; padding_2_phone=&#8220;&#8220; padding_2_last_edited=&#8220;on|tablet&#8220; _builder_version=&#8220;4.15.0&#8243; inner_width=&#8220;100%&#8220; inner_max_width=&#8220;100%&#8220; use_custom_width=&#8220;on&#8220; width_unit=&#8220;off&#8220; custom_width_percent=&#8220;100%&#8220; global_colors_info=&#8220;{}&#8220;][et_pb_column type=&#8220;1_3&#8243; _builder_version=&#8220;4.15&#8243; custom_padding=&#8220;|||&#8220; global_colors_info=&#8220;{}&#8220; custom_padding__hover=&#8220;|||&#8220;][et_pb_image src=&#8220;https:\/\/izem.org\/wp-content\/uploads\/2022\/06\/mulimorbide3-e1654598270373.jpg&#8220; title_text=&#8220;mulimorbide3&#8243; force_fullwidth=&#8220;on&#8220; align_tablet=&#8220;center&#8220; align_phone=&#8220;&#8220; align_last_edited=&#8220;on|desktop&#8220; _builder_version=&#8220;4.15.0&#8243; custom_margin=&#8220;|||&#8220; custom_padding=&#8220;|||&#8220; animation_style=&#8220;slide&#8220; animation_direction=&#8220;right&#8220; animation_intensity_slide=&#8220;5%&#8220; border_radii=&#8220;||30px|15vw|&#8220; border_color_all=&#8220;#2f8cff&#8220; border_width_bottom=&#8220;2vw&#8220; box_shadow_style=&#8220;preset3&#8243; box_shadow_vertical=&#8220;30px&#8220; box_shadow_blur=&#8220;80px&#8220; box_shadow_spread=&#8220;-30px&#8220; box_shadow_color=&#8220;rgba(102,141,186,0.7)&#8220; locked=&#8220;off&#8220; global_colors_info=&#8220;{}&#8220;][\/et_pb_image][\/et_pb_column][et_pb_column type=&#8220;2_3&#8243; specialty_columns=&#8220;2&#8243; _builder_version=&#8220;4.15&#8243; custom_padding=&#8220;|||&#8220; global_colors_info=&#8220;{}&#8220; padding_tablet=&#8220;0px|10%||10%||true&#8220; padding_last_edited=&#8220;on|tablet&#8220; custom_padding__hover=&#8220;|||&#8220; padding_phone=&#8220;0px|10%||10%||true&#8220;][et_pb_row_inner _builder_version=&#8220;4.15.0&#8243; custom_padding=&#8220;42.6094px|0px|0|0px|false|false&#8220; global_colors_info=&#8220;{}&#8220;][et_pb_column_inner saved_specialty_column_type=&#8220;2_3&#8243; _builder_version=&#8220;4.15&#8243; custom_padding=&#8220;|||&#8220; global_colors_info=&#8220;{}&#8220; custom_padding__hover=&#8220;|||&#8220;][et_pb_text _builder_version=&#8220;4.15.0&#8243; _module_preset=&#8220;default&#8220; global_colors_info=&#8220;{}&#8220;]<\/p>\n<h2><strong>Ziele und Engagement des IZEM<\/strong><\/h2>\n<p>[\/et_pb_text][\/et_pb_column_inner][\/et_pb_row_inner][et_pb_row_inner column_structure=&#8220;1_2,1_2&#8243; _builder_version=&#8220;4.15&#8243; global_colors_info=&#8220;{}&#8220;][et_pb_column_inner type=&#8220;1_2&#8243; saved_specialty_column_type=&#8220;2_3&#8243; _builder_version=&#8220;4.15&#8243; custom_padding=&#8220;|||&#8220; global_colors_info=&#8220;{}&#8220; custom_padding__hover=&#8220;|||&#8220;][et_pb_text _builder_version=&#8220;4.15&#8243; text_font=&#8220;Montserrat|300|||||||&#8220; text_font_size=&#8220;16px&#8220; text_line_height=&#8220;2em&#8220; header_font=&#8220;||||||||&#8220; header_2_font=&#8220;Montserrat|300|||||||&#8220; header_2_text_color=&#8220;#212d3b&#8220; header_2_font_size=&#8220;40px&#8220; header_2_line_height=&#8220;1.5em&#8220; max_width=&#8220;600px&#8220; custom_margin=&#8220;|||&#8220; custom_margin_tablet=&#8220;0px|50px||50px&#8220; custom_margin_last_edited=&#8220;off|desktop&#8220; custom_padding=&#8220;|||&#8220; global_colors_info=&#8220;{}&#8220;]<\/p>\n<div>\n<p style=\"font-weight: 400;\">\u00dcber 20 Mio. Menschen in Deutschland leben mit einer oder mehreren chronischen Erkrankungen.<a href=\"applewebdata:\/\/1CFE6EA9-C2A7-4D3F-A698-D6F30094D4BB#_ftn1\" name=\"_ftnref1\"><span>[1]<\/span><\/a> Bestehen mehrere Erkrankungen gleichzeitig, spricht man von Multimorbidit\u00e4t. Neben der individuellen Belastung steigt auch die kollektive Krankheitslast, denn die Versorgung chronisch kranker multimorbider Patientinnen und Patienten erfordert hohe zeitliche und finanzielle Ressourcen. Durch den hohen b\u00fcrokratischen Aufwand und starre Behandlungsprogramme orientiert sich die Versorgung kaum an den Bed\u00fcrfnissen der Betroffenen. Das wollen wir \u00e4ndern und die Versorgung multimorbider chronisch Kranker st\u00e4rker leitlinien- und bedarfsgerecht ausrichten.<\/p>\n<p style=\"font-weight: 400;\">Wir beim IZEM sind davon \u00fcberzeugt: Die Gesundheitsversorgung muss sich nach den Bed\u00fcrfnissen der Patientinnen und Patienten richten. Daf\u00fcr stehen wir ein. Daher engagieren wir uns f\u00fcr die <strong>Weiterentwicklung<\/strong> bestehender Behandlungsprogramme und -strukturen, die wir st\u00e4rker miteinander vernetzen und an den individuellen Bed\u00fcrfnissen Betroffener ausrichten. Komorbidit\u00e4ten m\u00fcssen dabei angemessen ber\u00fccksichtigt werden. \u00c4rztinnen, \u00c4rzte, Therapeutinnen und Therapeuten sollten unabh\u00e4ngig des Sektors, in dem sie arbeiten, umfassender zusammenarbeiten k\u00f6nnen. Nur so k\u00f6nnen bedarfsgerechte Versorgungsangebote angeboten werden. Gleichzeitig sollte der aktuelle Stand der Wissenschaft schnellstm\u00f6glich die Patientinnen und Patienten erreichen. Wir wollen lange Vorlaufzeiten, undefinierte \u00dcberleitsysteme und unklare Zust\u00e4ndigkeiten beseitigen. Daher setzen wir uns f\u00fcr eine transsektorale, vernetzte und am Stand der Wissenschaft ausgerichtete patientennahe Versorgung ein. Es geht darum Patientinnen und Patienten so lange wie m\u00f6glich zu stabilisieren und gesund zu erhalten. Unn\u00f6tige Folgeerkrankungen und Komplikationen sollten unbedingt vermieden werden.<\/p>\n<p>&nbsp;<\/p>\n<p><span style=\"font-size: 16px;\">.<\/span><\/p>\n<\/div>\n<div><\/div>\n<p>[\/et_pb_text][\/et_pb_column_inner][et_pb_column_inner type=&#8220;1_2&#8243; saved_specialty_column_type=&#8220;2_3&#8243; _builder_version=&#8220;4.15&#8243; custom_padding=&#8220;|||&#8220; global_colors_info=&#8220;{}&#8220; custom_padding__hover=&#8220;|||&#8220;][et_pb_text _builder_version=&#8220;4.15&#8243; text_font=&#8220;Montserrat|300|||||||&#8220; text_font_size=&#8220;16px&#8220; text_line_height=&#8220;2em&#8220; header_font=&#8220;||||||||&#8220; header_2_font=&#8220;Montserrat|300|||||||&#8220; header_2_text_color=&#8220;#212d3b&#8220; header_2_font_size=&#8220;40px&#8220; header_2_line_height=&#8220;1.5em&#8220; max_width=&#8220;600px&#8220; custom_margin=&#8220;|||&#8220; custom_margin_tablet=&#8220;0px|50px||50px&#8220; custom_margin_last_edited=&#8220;off|desktop&#8220; custom_padding=&#8220;|||&#8220; locked=&#8220;off&#8220; global_colors_info=&#8220;{}&#8220;]<\/p>\n<div>\n<p style=\"font-weight: 400;\">Unser Anspruch besteht darin, <strong>Pr\u00e4vention<\/strong> als wichtigen Teil der Krankenbehandlung zu begreifen. Denn bei multimorbiden Patientinnen und Patienten bedeutet Pr\u00e4vention immer die Vermeidung einer Verschlechterung des Gesundheitszustandes. Es geht folglich auch darum, Betroffene darin zu bef\u00e4higen, ihre chronische Grunderkrankung und damit assoziierte Folgeerkrankungen besser zu verstehen. Der eigene Beitrag zu einem besseren Behandlungsergebnis soll den Betroffenen nahegebracht und st\u00e4rker bewusste werden. Von uns entwickelte und digital \u00fcbersetzte Schulungskonzepte sollen Patientinnen und Patienten orts- und zeitunabh\u00e4ngig dabei helfen, sich selbst zu helfen. Indem wir Fachkr\u00e4fte wie Community Health Nurses oder Lotsen schulen und telemedizinisch einbinden, geben wir Betroffenen und Angeh\u00f6rigen wichtige Ansprechpartnerinnen und -partner an die Hand, die sie auf ihrem Weg begleiten. Auf diese Weise helfen wir, dass betroffene Kranke nicht allein sind mit ihrer Erkrankung und sich jederzeit aufgehoben und sicher f\u00fchlen.<\/p>\n<p style=\"font-weight: 400;\">Wir verstehen uns als <strong>Bindeglied<\/strong> zwischen Wissenschaft und Versorgungsrealit\u00e4t. Indem wir aktuelle Leitlinien in standardisierte Vorgehensweisen (SOP) \u00fcbersetzen, erleichtern wir \u00c4rztinnen, \u00c4rzten, Therapeutinnen und Therapeuten die Anwendung aktueller medizinischer Leitlinien. Im Rahmen anwendungsbezogener Forschung analysieren wir die aktuelle Versorgungssituation und identifizieren Barrieren und konkrete Handlungsbedarfe. Auf diese Weise machen wir uns die Wissenschaft zunutze, um innovative und evidenzbasierte Versorgungskonzepte und -formen zu entwickeln.<\/p>\n<p style=\"font-weight: 400;\">Wir beim IZEM stellen uns der Herausforderung, die Versorgung von Menschen mit chronischen Erkrankungen verbessern. Denn das ist unser Anspruch.<\/p>\n<p>&nbsp;<\/p>\n<p><span style=\"font-size: 16px;\">.<\/span><\/p>\n<\/div>\n<div><\/div>\n<p>[\/et_pb_text][\/et_pb_column_inner][\/et_pb_row_inner][\/et_pb_column][\/et_pb_section][et_pb_section fb_built=&#8220;1&#8243; admin_label=&#8220;Footer&#8220; _builder_version=&#8220;4.15&#8243; background_color=&#8220;#2f8cff&#8220; custom_padding=&#8220;120px||120px||false|false&#8220; top_divider_height=&#8220;60px&#8220; top_divider_repeat=&#8220;0.5x&#8220; bottom_divider_style=&#8220;clouds2&#8243; bottom_divider_color=&#8220;rgba(255,255,255,0.08)&#8220; bottom_divider_height=&#8220;600px&#8220; bottom_divider_flip=&#8220;vertical&#8220; global_colors_info=&#8220;{}&#8220;][et_pb_row column_structure=&#8220;1_2,1_2&#8243; admin_label=&#8220;Content Area&#8220; _builder_version=&#8220;4.15&#8243; global_colors_info=&#8220;{}&#8220;][et_pb_column type=&#8220;1_2&#8243; _builder_version=&#8220;4.15&#8243; custom_padding=&#8220;|||&#8220; global_colors_info=&#8220;{}&#8220; custom_padding__hover=&#8220;|||&#8220;][et_pb_blurb title=&#8220;info%91at%93izem.org&#8220; use_icon=&#8220;on&#8220; font_icon=&#8220;&#xe076;||divi||400&#8243; icon_color=&#8220;#2f8cff&#8220; image_icon_background_color=&#8220;#ffffff&#8220; icon_placement=&#8220;left&#8220; image_icon_width=&#8220;16px&#8220; _builder_version=&#8220;4.15.0&#8243; header_font=&#8220;Montserrat||||||||&#8220; header_text_color=&#8220;#ffffff&#8220; header_font_size=&#8220;20px&#8220; header_line_height=&#8220;1.7em&#8220; image_icon_custom_padding=&#8220;8px|8px|8px|8px|false|false&#8220; hover_enabled=&#8220;0&#8243; border_radii_image=&#8220;on|100%|100%|100%|100%&#8220; icon_font_size=&#8220;16px&#8220; use_circle=&#8220;on&#8220; circle_color=&#8220;#ffffff&#8220; locked=&#8220;off&#8220; global_colors_info=&#8220;{}&#8220; image_icon_background_color__sticky_enabled=&#8220;#7EBEC5&#8243; image_icon_background_color__sticky=&#8220;#7EBEC5&#8243; sticky_enabled=&#8220;0&#8243;][\/et_pb_blurb][\/et_pb_column][et_pb_column type=&#8220;1_2&#8243; _builder_version=&#8220;4.15&#8243; custom_padding=&#8220;|||&#8220; global_colors_info=&#8220;{}&#8220; custom_padding__hover=&#8220;|||&#8220;][et_pb_blurb title=&#8220;Schwabacher Stra\u00dfe 32, 90762 F\u00fcrth&#8220; use_icon=&#8220;on&#8220; font_icon=&#8220;&#xe081;||divi||400&#8243; icon_color=&#8220;#2f8cff&#8220; image_icon_background_color=&#8220;#ffffff&#8220; icon_placement=&#8220;left&#8220; image_icon_width=&#8220;16px&#8220; _builder_version=&#8220;4.15.0&#8243; header_font=&#8220;Montserrat||||||||&#8220; header_text_color=&#8220;#ffffff&#8220; header_font_size=&#8220;20px&#8220; header_line_height=&#8220;1.7em&#8220; image_icon_custom_padding=&#8220;8px|8px|8px|8px|false|false&#8220; border_radii_image=&#8220;on|100%|100%|100%|100%&#8220; icon_font_size=&#8220;16px&#8220; use_circle=&#8220;on&#8220; circle_color=&#8220;#ffffff&#8220; locked=&#8220;off&#8220; global_colors_info=&#8220;{}&#8220; image_icon_background_color__sticky_enabled=&#8220;#7EBEC5&#8243; image_icon_background_color__sticky=&#8220;#7EBEC5&#8243;][\/et_pb_blurb][\/et_pb_column][\/et_pb_row][\/et_pb_section]<\/p>\n","protected":false},"excerpt":{"rendered":"<p>Ziele und Engagement des IZEM \u00dcber 20 Mio. Menschen in Deutschland leben mit einer oder mehreren chronischen Erkrankungen.[1] Bestehen mehrere Erkrankungen gleichzeitig, spricht man von Multimorbidit\u00e4t. Neben der individuellen Belastung steigt auch die kollektive Krankheitslast, denn die Versorgung chronisch kranker multimorbider Patientinnen und Patienten erfordert hohe zeitliche und finanzielle Ressourcen. Durch den hohen b\u00fcrokratischen Aufwand [&hellip;]<\/p>\n","protected":false},"author":3,"featured_media":0,"parent":0,"menu_order":0,"comment_status":"closed","ping_status":"closed","template":"","meta":{"_et_pb_use_builder":"on","_et_pb_old_content":"","_et_gb_content_width":"","cybocfi_hide_featured_image":""},"_links":{"self":[{"href":"https:\/\/izem.org\/index.php\/wp-json\/wp\/v2\/pages\/430"}],"collection":[{"href":"https:\/\/izem.org\/index.php\/wp-json\/wp\/v2\/pages"}],"about":[{"href":"https:\/\/izem.org\/index.php\/wp-json\/wp\/v2\/types\/page"}],"author":[{"embeddable":true,"href":"https:\/\/izem.org\/index.php\/wp-json\/wp\/v2\/users\/3"}],"replies":[{"embeddable":true,"href":"https:\/\/izem.org\/index.php\/wp-json\/wp\/v2\/comments?post=430"}],"version-history":[{"count":10,"href":"https:\/\/izem.org\/index.php\/wp-json\/wp\/v2\/pages\/430\/revisions"}],"predecessor-version":[{"id":20084,"href":"https:\/\/izem.org\/index.php\/wp-json\/wp\/v2\/pages\/430\/revisions\/20084"}],"wp:attachment":[{"href":"https:\/\/izem.org\/index.php\/wp-json\/wp\/v2\/media?parent=430"}],"curies":[{"name":"wp","href":"https:\/\/api.w.org\/{rel}","templated":true}]}}

<p>[et_pb_section fb_built=&#8220;1&#8243; use_custom_gutter=&#8220;on&#8220; gutter_width=&#8220;2&#8243; specialty=&#8220;on&#8220; padding_top_2=&#8220;20px&#8220; padding_right_2=&#8220;5%&#8220; padding_2_tablet=&#8220;0px|10%||10%||true&#8220; padding_2_phone=&#8220;&#8220; padding_2_last_edited=&#8220;on|tablet&#8220; _builder_version=&#8220;4.15.0&#8243; inner_width=&#8220;100%&#8220; inner_max_width=&#8220;100%&#8220; use_custom_width=&#8220;on&#8220; width_unit=&#8220;off&#8220; custom_width_percent=&#8220;100%&#8220; global_colors_info=&#8220;{}&#8220;][et_pb_column type=&#8220;1_3&#8243; _builder_version=&#8220;4.15&#8243; custom_padding=&#8220;|||&#8220; global_colors_info=&#8220;{}&#8220; custom_padding__hover=&#8220;|||&#8220;][et_pb_image src=&#8220;https://izem.org/wp-content/uploads/2022/06/mulimorbide3-e1654598270373.jpg&#8220; title_text=&#8220;mulimorbide3&#8243; force_fullwidth=&#8220;on&#8220; align_tablet=&#8220;center&#8220; align_phone=&#8220;&#8220; align_last_edited=&#8220;on|desktop&#8220; _builder_version=&#8220;4.15.0&#8243; custom_margin=&#8220;|||&#8220; custom_padding=&#8220;|||&#8220; animation_style=&#8220;slide&#8220; animation_direction=&#8220;right&#8220; animation_intensity_slide=&#8220;5%&#8220; border_radii=&#8220;||30px|15vw|&#8220; border_color_all=&#8220;#2f8cff&#8220; border_width_bottom=&#8220;2vw&#8220; box_shadow_style=&#8220;preset3&#8243; box_shadow_vertical=&#8220;30px&#8220; box_shadow_blur=&#8220;80px&#8220; box_shadow_spread=&#8220;-30px&#8220; box_shadow_color=&#8220;rgba(102,141,186,0.7)&#8220; locked=&#8220;off&#8220; global_colors_info=&#8220;{}&#8220;][/et_pb_image][/et_pb_column][et_pb_column type=&#8220;2_3&#8243; specialty_columns=&#8220;2&#8243; _builder_version=&#8220;4.15&#8243; custom_padding=&#8220;|||&#8220; global_colors_info=&#8220;{}&#8220; padding_tablet=&#8220;0px|10%||10%||true&#8220; padding_last_edited=&#8220;on|tablet&#8220; custom_padding__hover=&#8220;|||&#8220; padding_phone=&#8220;0px|10%||10%||true&#8220;][et_pb_row_inner _builder_version=&#8220;4.15.0&#8243; custom_padding=&#8220;42.6094px|0px|0|0px|false|false&#8220; global_colors_info=&#8220;{}&#8220;][et_pb_column_inner saved_specialty_column_type=&#8220;2_3&#8243; _builder_version=&#8220;4.15&#8243; custom_padding=&#8220;|||&#8220; global_colors_info=&#8220;{}&#8220; custom_padding__hover=&#8220;|||&#8220;][et_pb_text _builder_version=&#8220;4.15.0&#8243; _module_preset=&#8220;default&#8220; global_colors_info=&#8220;{}&#8220;]</p>
<h2><strong>Ziele und Engagement des IZEM</strong></h2>
<p>[/et_pb_text][/et_pb_column_inner][/et_pb_row_inner][et_pb_row_inner column_structure=&#8220;1_2,1_2&#8243; _builder_version=&#8220;4.15&#8243; global_colors_info=&#8220;{}&#8220;][et_pb_column_inner type=&#8220;1_2&#8243; saved_specialty_column_type=&#8220;2_3&#8243; _builder_version=&#8220;4.15&#8243; custom_padding=&#8220;|||&#8220; global_colors_info=&#8220;{}&#8220; custom_padding__hover=&#8220;|||&#8220;][et_pb_text _builder_version=&#8220;4.15&#8243; text_font=&#8220;Montserrat|300|||||||&#8220; text_font_size=&#8220;16px&#8220; text_line_height=&#8220;2em&#8220; header_font=&#8220;||||||||&#8220; header_2_font=&#8220;Montserrat|300|||||||&#8220; header_2_text_color=&#8220;#212d3b&#8220; header_2_font_size=&#8220;40px&#8220; header_2_line_height=&#8220;1.5em&#8220; max_width=&#8220;600px&#8220; custom_margin=&#8220;|||&#8220; custom_margin_tablet=&#8220;0px|50px||50px&#8220; custom_margin_last_edited=&#8220;off|desktop&#8220; custom_padding=&#8220;|||&#8220; global_colors_info=&#8220;{}&#8220;]</p>
<div>
<p style="font-weight: 400;">Über 20 Mio. Menschen in Deutschland leben mit einer oder mehreren chronischen Erkrankungen.<a href="applewebdata://1CFE6EA9-C2A7-4D3F-A698-D6F30094D4BB#_ftn1" name="_ftnref1"><span>[1]</span></a> Bestehen mehrere Erkrankungen gleichzeitig, spricht man von Multimorbidität. Neben der individuellen Belastung steigt auch die kollektive Krankheitslast, denn die Versorgung chronisch kranker multimorbider Patientinnen und Patienten erfordert hohe zeitliche und finanzielle Ressourcen. Durch den hohen bürokratischen Aufwand und starre Behandlungsprogramme orientiert sich die Versorgung kaum an den Bedürfnissen der Betroffenen. Das wollen wir ändern und die Versorgung multimorbider chronisch Kranker stärker leitlinien- und bedarfsgerecht ausrichten.</p>
<p style="font-weight: 400;">Wir beim IZEM sind davon überzeugt: Die Gesundheitsversorgung muss sich nach den Bedürfnissen der Patientinnen und Patienten richten. Dafür stehen wir ein. Daher engagieren wir uns für die <strong>Weiterentwicklung</strong> bestehender Behandlungsprogramme und -strukturen, die wir stärker miteinander vernetzen und an den individuellen Bedürfnissen Betroffener ausrichten. Komorbiditäten müssen dabei angemessen berücksichtigt werden. Ärztinnen, Ärzte, Therapeutinnen und Therapeuten sollten unabhängig des Sektors, in dem sie arbeiten, umfassender zusammenarbeiten können. Nur so können bedarfsgerechte Versorgungsangebote angeboten werden. Gleichzeitig sollte der aktuelle Stand der Wissenschaft schnellstmöglich die Patientinnen und Patienten erreichen. Wir wollen lange Vorlaufzeiten, undefinierte Überleitsysteme und unklare Zuständigkeiten beseitigen. Daher setzen wir uns für eine transsektorale, vernetzte und am Stand der Wissenschaft ausgerichtete patientennahe Versorgung ein. Es geht darum Patientinnen und Patienten so lange wie möglich zu stabilisieren und gesund zu erhalten. Unnötige Folgeerkrankungen und Komplikationen sollten unbedingt vermieden werden.</p>
<p>&nbsp;</p>
<p><span style="font-size: 16px;">.</span></p>
</div>
<div></div>
<p>[/et_pb_text][/et_pb_column_inner][et_pb_column_inner type=&#8220;1_2&#8243; saved_specialty_column_type=&#8220;2_3&#8243; _builder_version=&#8220;4.15&#8243; custom_padding=&#8220;|||&#8220; global_colors_info=&#8220;{}&#8220; custom_padding__hover=&#8220;|||&#8220;][et_pb_text _builder_version=&#8220;4.15&#8243; text_font=&#8220;Montserrat|300|||||||&#8220; text_font_size=&#8220;16px&#8220; text_line_height=&#8220;2em&#8220; header_font=&#8220;||||||||&#8220; header_2_font=&#8220;Montserrat|300|||||||&#8220; header_2_text_color=&#8220;#212d3b&#8220; header_2_font_size=&#8220;40px&#8220; header_2_line_height=&#8220;1.5em&#8220; max_width=&#8220;600px&#8220; custom_margin=&#8220;|||&#8220; custom_margin_tablet=&#8220;0px|50px||50px&#8220; custom_margin_last_edited=&#8220;off|desktop&#8220; custom_padding=&#8220;|||&#8220; locked=&#8220;off&#8220; global_colors_info=&#8220;{}&#8220;]</p>
<div>
<p style="font-weight: 400;">Unser Anspruch besteht darin, <strong>Prävention</strong> als wichtigen Teil der Krankenbehandlung zu begreifen. Denn bei multimorbiden Patientinnen und Patienten bedeutet Prävention immer die Vermeidung einer Verschlechterung des Gesundheitszustandes. Es geht folglich auch darum, Betroffene darin zu befähigen, ihre chronische Grunderkrankung und damit assoziierte Folgeerkrankungen besser zu verstehen. Der eigene Beitrag zu einem besseren Behandlungsergebnis soll den Betroffenen nahegebracht und stärker bewusste werden. Von uns entwickelte und digital übersetzte Schulungskonzepte sollen Patientinnen und Patienten orts- und zeitunabhängig dabei helfen, sich selbst zu helfen. Indem wir Fachkräfte wie Community Health Nurses oder Lotsen schulen und telemedizinisch einbinden, geben wir Betroffenen und Angehörigen wichtige Ansprechpartnerinnen und -partner an die Hand, die sie auf ihrem Weg begleiten. Auf diese Weise helfen wir, dass betroffene Kranke nicht allein sind mit ihrer Erkrankung und sich jederzeit aufgehoben und sicher fühlen.</p>
<p style="font-weight: 400;">Wir verstehen uns als <strong>Bindeglied</strong> zwischen Wissenschaft und Versorgungsrealität. Indem wir aktuelle Leitlinien in standardisierte Vorgehensweisen (SOP) übersetzen, erleichtern wir Ärztinnen, Ärzten, Therapeutinnen und Therapeuten die Anwendung aktueller medizinischer Leitlinien. Im Rahmen anwendungsbezogener Forschung analysieren wir die aktuelle Versorgungssituation und identifizieren Barrieren und konkrete Handlungsbedarfe. Auf diese Weise machen wir uns die Wissenschaft zunutze, um innovative und evidenzbasierte Versorgungskonzepte und -formen zu entwickeln.</p>
<p style="font-weight: 400;">Wir beim IZEM stellen uns der Herausforderung, die Versorgung von Menschen mit chronischen Erkrankungen verbessern. Denn das ist unser Anspruch.</p>
<p>&nbsp;</p>
<p><span style="font-size: 16px;">.</span></p>
</div>
<div></div>
<p>[/et_pb_text][/et_pb_column_inner][/et_pb_row_inner][/et_pb_column][/et_pb_section][et_pb_section fb_built=&#8220;1&#8243; admin_label=&#8220;Footer&#8220; _builder_version=&#8220;4.15&#8243; background_color=&#8220;#2f8cff&#8220; custom_padding=&#8220;120px||120px||false|false&#8220; top_divider_height=&#8220;60px&#8220; top_divider_repeat=&#8220;0.5x&#8220; bottom_divider_style=&#8220;clouds2&#8243; bottom_divider_color=&#8220;rgba(255,255,255,0.08)&#8220; bottom_divider_height=&#8220;600px&#8220; bottom_divider_flip=&#8220;vertical&#8220; global_colors_info=&#8220;{}&#8220;][et_pb_row column_structure=&#8220;1_2,1_2&#8243; admin_label=&#8220;Content Area&#8220; _builder_version=&#8220;4.15&#8243; global_colors_info=&#8220;{}&#8220;][et_pb_column type=&#8220;1_2&#8243; _builder_version=&#8220;4.15&#8243; custom_padding=&#8220;|||&#8220; global_colors_info=&#8220;{}&#8220; custom_padding__hover=&#8220;|||&#8220;][et_pb_blurb title=&#8220;info%91at%93izem.org&#8220; use_icon=&#8220;on&#8220; font_icon=&#8220;&#xe076;||divi||400&#8243; icon_color=&#8220;#2f8cff&#8220; image_icon_background_color=&#8220;#ffffff&#8220; icon_placement=&#8220;left&#8220; image_icon_width=&#8220;16px&#8220; _builder_version=&#8220;4.15.0&#8243; header_font=&#8220;Montserrat||||||||&#8220; header_text_color=&#8220;#ffffff&#8220; header_font_size=&#8220;20px&#8220; header_line_height=&#8220;1.7em&#8220; image_icon_custom_padding=&#8220;8px|8px|8px|8px|false|false&#8220; hover_enabled=&#8220;0&#8243; border_radii_image=&#8220;on|100%|100%|100%|100%&#8220; icon_font_size=&#8220;16px&#8220; use_circle=&#8220;on&#8220; circle_color=&#8220;#ffffff&#8220; locked=&#8220;off&#8220; global_colors_info=&#8220;{}&#8220; image_icon_background_color__sticky_enabled=&#8220;#7EBEC5&#8243; image_icon_background_color__sticky=&#8220;#7EBEC5&#8243; sticky_enabled=&#8220;0&#8243;][/et_pb_blurb][/et_pb_column][et_pb_column type=&#8220;1_2&#8243; _builder_version=&#8220;4.15&#8243; custom_padding=&#8220;|||&#8220; global_colors_info=&#8220;{}&#8220; custom_padding__hover=&#8220;|||&#8220;][et_pb_blurb title=&#8220;Schwabacher Straße 32, 90762 Fürth&#8220; use_icon=&#8220;on&#8220; font_icon=&#8220;&#xe081;||divi||400&#8243; icon_color=&#8220;#2f8cff&#8220; image_icon_background_color=&#8220;#ffffff&#8220; icon_placement=&#8220;left&#8220; image_icon_width=&#8220;16px&#8220; _builder_version=&#8220;4.15.0&#8243; header_font=&#8220;Montserrat||||||||&#8220; header_text_color=&#8220;#ffffff&#8220; header_font_size=&#8220;20px&#8220; header_line_height=&#8220;1.7em&#8220; image_icon_custom_padding=&#8220;8px|8px|8px|8px|false|false&#8220; border_radii_image=&#8220;on|100%|100%|100%|100%&#8220; icon_font_size=&#8220;16px&#8220; use_circle=&#8220;on&#8220; circle_color=&#8220;#ffffff&#8220; locked=&#8220;off&#8220; global_colors_info=&#8220;{}&#8220; image_icon_background_color__sticky_enabled=&#8220;#7EBEC5&#8243; image_icon_background_color__sticky=&#8220;#7EBEC5&#8243;][/et_pb_blurb][/et_pb_column][/et_pb_row][/et_pb_section]</p>

<p>Ziele und Engagement des IZEM Über 20 Mio. Menschen in Deutschland leben mit einer oder mehreren chronischen Erkrankungen.[1] Bestehen mehrere Erkrankungen gleichzeitig, spricht man von Multimorbidität. Neben der individuellen Belastung steigt auch die kollektive Krankheitslast, denn die Versorgung chronisch kranker multimorbider Patientinnen und Patienten erfordert hohe zeitliche und finanzielle Ressourcen. Durch den hohen bürokratischen Aufwand [&hellip;]</p>
