{"id":72,"date":"2022-03-21T11:20:09","date_gmt":"2022-03-21T10:20:09","guid":{"rendered":"https:\/\/izem.org\/?page_id=72"},"modified":"2022-06-15T15:14:06","modified_gmt":"2022-06-15T13:14:06","slug":"impressum","status":"publish","type":"page","link":"https:\/\/izem.org\/index.php\/impressum\/","title":{"rendered":"Impressum"},"content":{"rendered":"<p>[et_pb_section fb_built=&#8220;1&#8243; admin_label=&#8220;Hero&#8220; _builder_version=&#8220;4.15&#8243; custom_padding=&#8220;0|0px|54px|0px|false|false&#8220; bottom_divider_height=&#8220;0px&#8220; border_width_bottom=&#8220;1px&#8220; border_color_bottom=&#8220;#efefef&#8220; global_colors_info=&#8220;{}&#8220;][et_pb_row column_structure=&#8220;1_2,1_2&#8243; _builder_version=&#8220;4.15&#8243; width=&#8220;100%&#8220; max_width=&#8220;100%&#8220; custom_margin=&#8220;|||&#8220; custom_margin_tablet=&#8220;||0px|&#8220; custom_margin_phone=&#8220;&#8220; custom_margin_last_edited=&#8220;on|desktop&#8220; custom_padding=&#8220;0|0px|27px|0px|false|false&#8220; use_custom_width=&#8220;on&#8220; width_unit=&#8220;off&#8220; custom_width_percent=&#8220;100%&#8220; global_colors_info=&#8220;{}&#8220;][et_pb_column type=&#8220;1_2&#8243; _builder_version=&#8220;4.15&#8243; custom_padding=&#8220;6%||6%|12%&#8220; custom_padding_tablet=&#8220;50px|50px|50px|50px&#8220; custom_padding_phone=&#8220;50px|50px|50px|50px&#8220; custom_padding_last_edited=&#8220;on|tablet&#8220; global_colors_info=&#8220;{}&#8220; padding_tablet=&#8220;50px|50px|50px|50px&#8220; padding_last_edited=&#8220;on|tablet&#8220; custom_padding__hover=&#8220;|||&#8220; padding_phone=&#8220;50px|50px|50px|50px&#8220;][et_pb_image src=&#8220;https:\/\/izem.org\/wp-content\/uploads\/2022\/06\/Impresum.png&#8220; title_text=&#8220;Impresum&#8220; align_tablet=&#8220;center&#8220; align_phone=&#8220;center&#8220; align_last_edited=&#8220;on|desktop&#8220; _builder_version=&#8220;4.15.0&#8243; global_colors_info=&#8220;{}&#8220;][\/et_pb_image][et_pb_text _builder_version=&#8220;4.15&#8243; text_font=&#8220;Montserrat|300|||||||&#8220; text_text_color=&#8220;#677a92&#8243; text_font_size=&#8220;16px&#8220; text_line_height=&#8220;1.8em&#8220; header_font=&#8220;Montserrat||||||||&#8220; header_font_size=&#8220;50px&#8220; header_line_height=&#8220;1.3em&#8220; header_2_font=&#8220;||||||||&#8220; max_width=&#8220;600px&#8220; custom_margin=&#8220;|||&#8220; custom_margin_tablet=&#8220;0px|50px||50px&#8220; custom_margin_phone=&#8220;|20px||&#8220; custom_margin_last_edited=&#8220;off|desktop&#8220; custom_padding=&#8220;|||&#8220; text_line_height_tablet=&#8220;1.8em&#8220; text_line_height_phone=&#8220;1.8em&#8220; text_line_height_last_edited=&#8220;on|phone&#8220; header_font_size_tablet=&#8220;&#8220; header_font_size_phone=&#8220;36px&#8220; header_font_size_last_edited=&#8220;on|phone&#8220; header_2_font_size_phone=&#8220;30px&#8220; header_2_font_size_last_edited=&#8220;off|desktop&#8220; locked=&#8220;off&#8220; global_colors_info=&#8220;{}&#8220;]<\/p>\n<h1>Impressum<\/h1>\n<p>[\/et_pb_text][et_pb_text _builder_version=&#8220;4.15.0&#8243; text_font=&#8220;Montserrat|300|||||||&#8220; text_font_size=&#8220;16px&#8220; text_line_height=&#8220;2em&#8220; link_font=&#8220;||||||||&#8220; ul_font=&#8220;||||||||&#8220; ol_font=&#8220;||||||||&#8220; quote_font=&#8220;||||||||&#8220; header_font=&#8220;||||||||&#8220; header_2_font=&#8220;Montserrat|300|||||||&#8220; header_2_text_color=&#8220;#212d3b&#8220; header_2_font_size=&#8220;40px&#8220; header_2_line_height=&#8220;1.5em&#8220; max_width=&#8220;600px&#8220; custom_margin=&#8220;|||&#8220; custom_margin_tablet=&#8220;0px|50px||50px&#8220; custom_margin_last_edited=&#8220;off|desktop&#8220; custom_padding=&#8220;||0px|||&#8220; hover_enabled=&#8220;0&#8243; locked=&#8220;off&#8220; global_colors_info=&#8220;{}&#8220; sticky_enabled=&#8220;0&#8243;]<\/p>\n<p><span>Institut zur Erforschung von Mehrfacherkrankungen (IZEM)<br \/>c\/o DT Deutsche Stiftungstreuhand GmbH<br \/><\/span><span>Schwabacher Stra\u00dfe 32<br \/><\/span><span>90762 F\u00fcrth <\/span><\/p>\n<p><span>Vertreten durch: Horst Ohlmann (Vorstandsvorsitzender)<br \/>Telefon: +49 911 81 55 48-0<br \/>E-Mail: info@stiftungstreuhand.com \u00a0 <\/span><\/p>\n<p>[\/et_pb_text][et_pb_text _builder_version=&#8220;4.15.0&#8243; text_font=&#8220;Montserrat|300|||||||&#8220; text_font_size=&#8220;16px&#8220; text_line_height=&#8220;2em&#8220; link_font=&#8220;||||||||&#8220; ul_font=&#8220;||||||||&#8220; ol_font=&#8220;||||||||&#8220; quote_font=&#8220;||||||||&#8220; header_font=&#8220;||||||||&#8220; header_2_font=&#8220;Montserrat|300|||||||&#8220; header_2_text_color=&#8220;#212d3b&#8220; header_2_font_size=&#8220;40px&#8220; header_2_line_height=&#8220;1.5em&#8220; max_width=&#8220;600px&#8220; custom_margin=&#8220;|||&#8220; custom_margin_tablet=&#8220;0px|50px||50px&#8220; custom_margin_last_edited=&#8220;off|desktop&#8220; custom_padding=&#8220;|||&#8220; hover_enabled=&#8220;0&#8243; locked=&#8220;off&#8220; global_colors_info=&#8220;{}&#8220; sticky_enabled=&#8220;0&#8243;]<\/p>\n<p>Das Institut zur Erforschung von Mehrfacherkrankungen (IZEM)<br \/>ist vom Finanzamt F\u00fcrth als gemeinn\u00fctzig anerkannt.<\/p>\n<p>[\/et_pb_text][et_pb_button button_url=&#8220;@ET-DC@eyJkeW5hbWljIjp0cnVlLCJjb250ZW50IjoicG9zdF9saW5rX3VybF9wYWdlIiwic2V0dGluZ3MiOnsicG9zdF9pZCI6Ijg3In19@&#8220; button_text=&#8220;Kontakt&#8220; button_alignment=&#8220;left&#8220; _builder_version=&#8220;4.15.0&#8243; _dynamic_attributes=&#8220;button_url&#8220; custom_button=&#8220;on&#8220; button_text_size=&#8220;14px&#8220; button_bg_color=&#8220;#48d14c&#8220; button_border_width=&#8220;16px&#8220; button_border_color=&#8220;#48d14c&#8220; button_border_radius=&#8220;100px&#8220; button_letter_spacing=&#8220;1px&#8220; button_font=&#8220;Montserrat|500|||||||&#8220; background_layout=&#8220;dark&#8220; custom_margin=&#8220;|||&#8220; custom_padding=&#8220;|||&#8220; locked=&#8220;off&#8220; global_colors_info=&#8220;{}&#8220; button_text_size__hover_enabled=&#8220;off&#8220; button_one_text_size__hover_enabled=&#8220;off&#8220; button_two_text_size__hover_enabled=&#8220;off&#8220; button_text_color__hover_enabled=&#8220;off&#8220; button_one_text_color__hover_enabled=&#8220;off&#8220; button_two_text_color__hover_enabled=&#8220;off&#8220; button_border_width__hover_enabled=&#8220;off&#8220; button_one_border_width__hover_enabled=&#8220;off&#8220; button_two_border_width__hover_enabled=&#8220;off&#8220; button_border_color__hover_enabled=&#8220;off&#8220; button_one_border_color__hover_enabled=&#8220;off&#8220; button_two_border_color__hover_enabled=&#8220;off&#8220; button_border_radius__hover_enabled=&#8220;off&#8220; button_one_border_radius__hover_enabled=&#8220;off&#8220; button_two_border_radius__hover_enabled=&#8220;off&#8220; button_letter_spacing__hover_enabled=&#8220;off&#8220; button_one_letter_spacing__hover_enabled=&#8220;off&#8220; button_two_letter_spacing__hover_enabled=&#8220;off&#8220; button_bg_color__hover_enabled=&#8220;off&#8220; button_one_bg_color__hover_enabled=&#8220;off&#8220; button_two_bg_color__hover_enabled=&#8220;off&#8220;][\/et_pb_button][\/et_pb_column][et_pb_column type=&#8220;1_2&#8243; _builder_version=&#8220;4.15&#8243; custom_padding=&#8220;|||&#8220; global_colors_info=&#8220;{}&#8220; custom_padding__hover=&#8220;|||&#8220;][et_pb_image src=&#8220;https:\/\/izem.org\/wp-content\/uploads\/2022\/06\/AdobeStock_262960968_Impressum_b.png&#8220; title_text=&#8220;AdobeStock_262960968_Impressum_b&#8220; force_fullwidth=&#8220;on&#8220; align_tablet=&#8220;center&#8220; align_phone=&#8220;center&#8220; align_last_edited=&#8220;on|desktop&#8220; _builder_version=&#8220;4.15.0&#8243; custom_margin=&#8220;|||&#8220; custom_padding=&#8220;|||&#8220; animation_style=&#8220;slide&#8220; animation_direction=&#8220;right&#8220; animation_intensity_slide=&#8220;5%&#8220; border_radii=&#8220;||||30vw&#8220; border_color_all=&#8220;#0ee1f4&#8243; border_width_left=&#8220;2vw&#8220; border_color_left=&#8220;#37dfff&#8220; box_shadow_style=&#8220;preset4&#8243; box_shadow_horizontal=&#8220;-30px&#8220; box_shadow_vertical=&#8220;0px&#8220; box_shadow_color=&#8220;rgba(14,225,244,0.33)&#8220; global_colors_info=&#8220;{}&#8220;][\/et_pb_image][\/et_pb_column][\/et_pb_row][\/et_pb_section][et_pb_section fb_built=&#8220;1&#8243; _builder_version=&#8220;4.15.0&#8243; _module_preset=&#8220;default&#8220; global_colors_info=&#8220;{}&#8220;][et_pb_row _builder_version=&#8220;4.15.0&#8243; _module_preset=&#8220;default&#8220; global_colors_info=&#8220;{}&#8220;][et_pb_column type=&#8220;4_4&#8243; _builder_version=&#8220;4.15.0&#8243; _module_preset=&#8220;default&#8220; global_colors_info=&#8220;{}&#8220;][et_pb_text _builder_version=&#8220;4.15.0&#8243; _module_preset=&#8220;default&#8220; global_colors_info=&#8220;{}&#8220;]<\/p>\n<p><strong>Inhalt:<span class=\"Apple-converted-space\"><br \/><\/span><\/strong>Die auf diesen Webseiten enthaltenen Informationen dienen ausschlie\u00dflich der generellen Information. Eine Rechtsberatung nach dem Rechtsberatungsgesetz ist damit nicht verbunden. Die Haftung f\u00fcr Inhalte dieser Homepage wird auf Vorsatz und grobe Fahrl\u00e4ssigkeit beschr\u00e4nkt. Insbesondere k\u00f6nnen wir keine Haftung f\u00fcr uns via Internet \u00fcbersandte Daten \u00fcbernehmen. Wir \u00fcbernehmen ferner keine Gew\u00e4hr f\u00fcr die Einhaltung von Fristen, soweit uns Daten unverlangt per E-Mail bekannt gemacht werden.<\/p>\n<p><strong>Verweise und Links:<\/strong><br \/>Wir weisen darauf hin, dass die angegebenen Links auf fremde Homepages und somit aus unserem Verantwortungsbereich f\u00fcr den Inhalt hinausf\u00fchren. Wir haben uns soweit wie m\u00f6glich davon \u00fcberzeugt, dass die verlinkten Angebote seri\u00f6s sind und keinen gesetzeswidrigen Inhalt bereit halten. Wir haben jedoch keine Einflussm\u00f6glichkeit auf den Inhalt fremder Homepages, insbesondere auf deren kurzfristige Entwicklung durch Updates und zeichnen daher f\u00fcr deren Inhalt in keiner Weise verantwortlich (\u00a7 8 Abs. 2 Teledienstegesetz &#8211; TDG). Soweit sich im Rahmen der bezeichneten Links der Zugang zu nicht gesetzeskonformen Inhalten vermitteln l\u00e4sst, bitten wir um einen kurzen Hinweis, damit wir die Verlinkung unterbrechen k\u00f6nnen.<\/p>\n<p><strong>Beitr\u00e4ge:<\/strong><br \/>Die Beitr\u00e4ge auf dieser Homepage geben die Auffassung des jeweiligen Verfassers wieder. Aufgrund der stetigen Rechtsfortentwicklung in Gesetzgebung und Rechtsprechung kann f\u00fcr die Richtigkeit, Vollst\u00e4ndigkeit und Aktualit\u00e4t der Beitr\u00e4ge keine Haftung \u00fcbernommen werden. Die Beitr\u00e4ge stellen eine allgemeine Besprechung des jeweiligen Themas dar.<\/p>\n<p><strong>Urheberrecht:<\/strong><br \/>Der Inhalt dieser Homepage ist urheberrechtlich gesch\u00fctzt. Jede Verwertung, soweit sie nicht bereits durch das geltende Urheberrecht zul\u00e4ssig ist, bedarf unserer vorherigen schriftlichen Zustimmung. Verkn\u00fcpfungen auf unser Internetangebot sind ohne unsere Zustimmung nur auf die Hauptseite zul\u00e4ssig. Wir behalten uns vor, im Einzelfall auch einer Verlinkung auf die Hauptseite ohne Begr\u00fcndung zu widersprechen.<\/p>\n<p><strong>Datenschutzhinweis:<\/strong><br \/>Alle auf dieser Webseite dargestellten Personen widersprechen hiermit in weitest m\u00f6glichem Umfang gem\u00e4\u00df \u00a7 28 Bundesdatenschutzgesetz jeder kommerziellen Verwendung und Weitergabe ihrer Daten.<\/p>\n<p><strong>Konzept und Gestaltung:<\/strong><br \/>conrat.org<\/p>\n<p><strong>Bildnachweis:<\/strong><br \/>Titel: Susanne Diemer, conrat.org<br \/>Die weiteren:\u00a0Ayi, kras99, peach_adobe, peterschreiber.media, sdecoret (2);\u00a0alle stock.adobe.com<\/p>\n<p>[\/et_pb_text][\/et_pb_column][\/et_pb_row][\/et_pb_section]<\/p>\n","protected":false},"excerpt":{"rendered":"<p>ImpressumInstitut zur Erforschung von Mehrfacherkrankungen (IZEM)c\/o DT Deutsche Stiftungstreuhand GmbHSchwabacher Stra\u00dfe 3290762 F\u00fcrth Vertreten durch: Horst Ohlmann (Vorstandsvorsitzender)Telefon: +49 911 81 55 48-0E-Mail: info@stiftungstreuhand.com \u00a0 Das Institut zur Erforschung von Mehrfacherkrankungen (IZEM)ist vom Finanzamt F\u00fcrth als gemeinn\u00fctzig anerkannt.Inhalt:Die auf diesen Webseiten enthaltenen Informationen dienen ausschlie\u00dflich der generellen Information. Eine Rechtsberatung nach dem Rechtsberatungsgesetz ist damit [&hellip;]<\/p>\n","protected":false},"author":1,"featured_media":0,"parent":0,"menu_order":0,"comment_status":"closed","ping_status":"closed","template":"","meta":{"_et_pb_use_builder":"on","_et_pb_old_content":"","_et_gb_content_width":"","cybocfi_hide_featured_image":""},"_links":{"self":[{"href":"https:\/\/izem.org\/index.php\/wp-json\/wp\/v2\/pages\/72"}],"collection":[{"href":"https:\/\/izem.org\/index.php\/wp-json\/wp\/v2\/pages"}],"about":[{"href":"https:\/\/izem.org\/index.php\/wp-json\/wp\/v2\/types\/page"}],"author":[{"embeddable":true,"href":"https:\/\/izem.org\/index.php\/wp-json\/wp\/v2\/users\/1"}],"replies":[{"embeddable":true,"href":"https:\/\/izem.org\/index.php\/wp-json\/wp\/v2\/comments?post=72"}],"version-history":[{"count":17,"href":"https:\/\/izem.org\/index.php\/wp-json\/wp\/v2\/pages\/72\/revisions"}],"predecessor-version":[{"id":20035,"href":"https:\/\/izem.org\/index.php\/wp-json\/wp\/v2\/pages\/72\/revisions\/20035"}],"wp:attachment":[{"href":"https:\/\/izem.org\/index.php\/wp-json\/wp\/v2\/media?parent=72"}],"curies":[{"name":"wp","href":"https:\/\/api.w.org\/{rel}","templated":true}]}}